t the prime factors of 3021772172.
2, 17021, 44383
List the prime factors of 23024881.
11, 2093171
What are the prime factors of 1188883761?
3, 13, 431, 70729
What are the prime factors of 756914587?
11, 13, 29, 37, 4933
What are the prime factors of 463388985?
3, 5, 3432511
List the prime factors of 14999190.
2, 3, 5, 499973
What are the prime factors of 4115864170?
2, 5, 11, 19, 223, 8831
What are the prime factors of 38303708?
2, 127, 75401
List the prime factors of 2175778399.
2175778399
List the prime factors of 52075380.
2, 3, 5, 7, 123989
What are the prime factors of 66390417?
3, 7376713
What are the prime factors of 383862764?
2, 95965691
List the prime factors of 86065964.
2, 109, 1811
What are the prime factors of 32894379?
3, 7, 31, 16843
List the prime factors of 55043417.
11, 13, 384919
List the prime factors of 1291489581.
3, 3767, 114281
What are the prime factors of 5257519582?
2, 7, 3823, 14033
What are the prime factors of 106111753?
11, 9646523
What are the prime factors of 46892823?
3, 2557, 6113
What are the prime factors of 2738221843?
7, 503, 777683
What are the prime factors of 127775240?
2, 5, 3194381
List the prime factors of 5001767856.
2, 3, 1051, 33049
List the prime factors of 54384818.
2, 27192409
List the prime factors of 810015277.
19, 42632383
What are the prime factors of 757931795?
5, 151586359
What are the prime factors of 4834405823?
13, 109, 3411719
What are the prime factors of 123962562?
2, 3, 379, 673
List the prime factors of 1710846682.
2, 855423341
What are the prime factors of 361167395?
5, 72233479
List the prime factors of 210702909.
3, 70234303
List the prime factors of 70958010.
2, 3, 5, 2365267
What are the prime factors of 29665388?
2, 31, 239237
List the prime factors of 689734000.
2, 5, 199, 1733
What are the prime factors of 1326160119?
3, 19, 43, 12583
List the prime factors of 63181111.
7, 29, 311237
What are the prime factors of 234646860?
2, 3, 5, 7, 558683
List the prime factors of 122034349.
29, 4208081
List the prime factors of 90215725.
5, 101, 35729
What are the prime factors of 11068067?
11068067
List the prime factors of 55559131.
3301, 16831
List the prime factors of 83295715.
5, 19, 876797
What are the prime factors of 226560300?
2, 3, 5, 179, 4219
List the prime factors of 69728549.
11, 53, 83, 131
List the prime factors of 69375027.
3, 23125009
List the prime factors of 60404403.
3, 20134801
List the prime factors of 65650317.
3, 21883439
What are the prime factors of 73777393?
281, 262553
List the prime factors of 544045759.
544045759
List the prime factors of 2061029432.
2, 7, 11, 101, 157, 211
List the prime factors of 309393155.
5, 3221, 19211
What are the prime factors of 167513938?
2, 337, 248537
What are the prime factors of 3100906739?
7, 1031, 61381
List the prime factors of 50206591.
41, 89, 13759
What are the prime factors of 4563451?
1907, 2393
What are the prime factors of 195197629?
11, 157, 113027
What are the prime factors of 230100468?
2, 3, 13, 1475003
List the prime factors of 3096541240.
2, 5, 13, 557, 10691
What are the prime factors of 89314766?
2, 1319, 33857
What are the prime factors of 93717490?
2, 5, 9371749
What are the prime factors of 609386410?
2, 5, 4451, 13691
What are the prime factors of 876722713?
59, 89, 103, 1621
What are the prime factors of 1383029595?
3, 5, 30733991
List the prime factors of 50910776.
2, 7, 23, 29, 47
List the prime factors of 60071121.
3, 11, 379, 1601
List the prime factors of 2607182269.
293, 8898233
What are the prime factors of 727037556?
2, 3, 7, 1523, 5683
What are the prime factors of 502120207?
73, 137, 50207
List the prime factors of 700248490.
2, 5, 67, 239, 4373
What are the prime factors of 1037037663?
3, 109, 491, 2153
What are the prime factors of 81447581?
1607, 50683
What are the prime factors of 1176433476?
2, 3, 281, 348883
List the prime factors of 148891778.
2, 7, 10635127
What are the prime factors of 2402373011?
2402373011
What are the prime factors of 346296471?
3, 115432157
List the prime factors of 548595146.
2, 11, 29, 73, 11779
List the prime factors of 359785986.
2, 3, 7, 499, 17167
What are the prime factors of 42357665?
5, 7, 179, 6761
What are the prime factors of 153284913?
3, 19, 298801
What are the prime factors of 14165910?
2, 3, 5, 11, 41, 349
List the prime factors of 6496645.
5, 37, 35117
List the prime factors of 436422313.
101, 181, 23873
What are the prime factors of 178545605?
5, 7, 29, 53, 3319
List the prime factors of 38335466.
2, 13, 1474441
List the prime factors of 48637476.
2, 3, 17, 59, 449
What are the prime factors of 4477879495?
5, 73, 1409, 8707
What are the prime factors of 50038635?
3, 5, 127, 26267
What are the prime factors of 931945134?
2, 3, 17, 9136717
What are the prime factors of 416749713?
3, 17, 8171563
What are the prime factors of 65875128?
2, 3, 11, 19, 23, 571
What are the prime factors of 1038224237?
109, 9524993
List the prime factors of 1632882760.
2, 5, 40822069
What are the prime factors of 1110599178?
2, 3, 13, 37, 347, 1109
What are the prime factors of 236129478?
2, 3, 13, 3027301
List the prime factors of 2272820137.
7, 324688591
What are the prime factors of 50731302?
2, 3, 8455217
What are the prime factors of 175838381?
23, 41, 263, 709
List the prime factors of 892319567.
12491, 71437
List the prime factors of 131140724.
2, 11, 13, 229267
List the prime factors of 24512901.
3, 7, 109, 10709
What are the prime factors of 43664854?
2, 173, 126199
List the prime factors of 76513868.
2, 19128467
What are the prime factors of 5294554419?
3, 7, 11, 71, 107, 431
What are the prime factors of 2033659726?
2, 7, 9199, 15791
List the prime factors of 270773071.
2693, 100547
List the prime factors of 99695076.
2, 3, 13, 71, 9001
List the prime factors of 216103343.
216103343
List the prime factors of 855477607.
855477607
List the prime factors of 4082718674.
2, 17, 120079961
What are the prime factors of 309667390?
2, 5, 30966739
What are the prime factors of 746385871?
7, 11, 9693323
What are the prime factors of 785949328?
2, 103, 476911
List the prime factors of 1891144310.
2, 5, 11, 173, 99377
List the prime factors of 54655069.
7, 523, 14929
What are the prime factors of 6230896897?
43, 144904579
What are the prime factors of 27549933?
3, 9183311
What are the prime factors of 62071276?
2, 3659, 4241
List the prime factors of 132295220.
2, 5, 1153, 5737
What are the prime factors of 405696728?
2, 3313, 15307
What are the prime factors of 117593715?
3, 5, 7839581
List the prime factors of 119621859.
3, 7, 5696279
What are the prime factors of 9147993?
3, 3049331
List the prime factors of 146143105.
5, 521, 56101
List the prime factors of 32482037.
7, 59, 78649
List the prime factors of 2135004744.
2, 3, 88958531
List the prime factors of 565619122.
2, 151, 1872911
What are the prime factors of 180997942?
2, 1283, 70537
What are the prime factors of 161979189?
3, 73, 739631
List the prime factors of 110908007.
7, 15844001
What are the prime factors of 891708837?
3, 17, 773, 22619
What are the prime factors of 263108481?
3, 87702827
List the prime factors of 12577706.
2, 29, 37, 5861
List the prime factors of 117930498.
2, 3, 7, 59, 47591
What are the prime factors of 201803481?
3, 11, 17, 4441
List the prime factors of 5027656957.
5027656957
What are the prime factors of 1904328776?
2, 7, 34005871
What are the prime factors of 204767746?
2, 613, 167021
What are the prime factors of 1130493561?
3, 947, 397921
List the prime factors of 333051878.
2, 241, 281, 2459
What are the prime factors of 1323861255?
3, 5, 23, 1279093
What are the prime factors of 99676722?
2, 3, 16612787
What are the prime factors of 4979189?
31, 160619
What are the prime factors of 190531430?
2, 5, 19, 1002797
List the prime factors of 21721008.
2, 3, 452521
What are the prime factors of 999482093?
999482093
List the prime factors of 85830248.
2, 7, 293, 5231
What are the prime factors of 2514782029?
43, 58483303
List the prime factors of 64464718.
2, 107, 301237
List the prime factors of 19876560.
2, 3, 5, 11, 7529
List the prime factors of 4789361152.
2, 239, 39139
List the prime factors of 45070814.
2, 29, 853, 911
List the prime factors of 252921492.
2, 3, 37, 1898